1717 and 539.
77
Calculate the highest common divisor of 2415 and 105.
105
What is the highest common factor of 673367 and 303?
101
What is the highest common factor of 191866 and 60329?
989
What is the greatest common divisor of 342272 and 93208?
1528
Calculate the highest common factor of 11139 and 35313.
237
Calculate the highest common factor of 5082 and 2464.
154
What is the highest common divisor of 9 and 1208043?
9
What is the greatest common divisor of 16 and 192656?
16
Calculate the highest common divisor of 731120 and 190.
190
Calculate the highest common factor of 58101 and 642.
321
What is the highest common factor of 34 and 162061?
17
What is the greatest common divisor of 29124 and 27?
9
Calculate the highest common factor of 392 and 149401.
49
Calculate the greatest common divisor of 2275 and 30485.
455
What is the greatest common divisor of 9 and 140886?
9
What is the highest common divisor of 568 and 21632?
8
What is the greatest common factor of 129 and 628359?
129
What is the highest common divisor of 4401 and 53301?
489
What is the greatest common factor of 7192 and 1240?
248
What is the greatest common factor of 705 and 150?
15
Calculate the greatest common factor of 110 and 50072.
22
Calculate the greatest common factor of 321 and 763017.
321
What is the greatest common factor of 7 and 691663?
7
Calculate the highest common factor of 38684 and 3268.
76
Calculate the highest common factor of 262868 and 36.
4
What is the greatest common divisor of 1382283 and 518?
259
Calculate the highest common divisor of 89518 and 1430.
286
What is the highest common divisor of 816 and 859296?
48
What is the greatest common divisor of 606 and 15714?
6
What is the highest common divisor of 113829 and 51?
3
What is the highest common divisor of 2092 and 381267?
523
Calculate the greatest common divisor of 160 and 1160660.
20
Calculate the greatest common divisor of 3909 and 51.
3
What is the greatest common divisor of 14496 and 3552?
96
Calculate the highest common factor of 2240 and 56588.
28
Calculate the greatest common divisor of 3 and 93657.
3
What is the highest common divisor of 162 and 8586?
162
What is the highest common factor of 1761 and 307001?
587
Calculate the greatest common divisor of 1199 and 6325.
11
Calculate the greatest common divisor of 8255 and 14040.
65
What is the highest common divisor of 2644 and 38?
2
What is the highest common divisor of 7440 and 2265?
15
What is the greatest common factor of 8164 and 156?
52
What is the greatest common factor of 35 and 30219?
7
What is the greatest common factor of 203963 and 59?
59
What is the greatest common divisor of 314375 and 1006?
503
Calculate the greatest common factor of 99177 and 1833.
39
What is the highest common factor of 519 and 391153?
173
Calculate the highest common factor of 290336 and 64.
32
Calculate the highest common factor of 9 and 113832.
9
Calculate the greatest common factor of 68305 and 57.
19
What is the highest common divisor of 8593 and 357601?
661
What is the highest common divisor of 8 and 3105?
1
Calculate the greatest common divisor of 102 and 11154.
6
Calculate the greatest common divisor of 48 and 207972.
12
What is the greatest common factor of 192682 and 14?
14
What is the greatest common divisor of 306227 and 5971?
853
Calculate the greatest common factor of 114084 and 36.
36
What is the greatest common divisor of 2888 and 498902?
722
Calculate the greatest common divisor of 17051 and 413.
59
What is the highest common divisor of 8074 and 22?
22
What is the highest common factor of 1972470 and 1110?
1110
What is the highest common factor of 5286762 and 702?
702
What is the highest common divisor of 35500 and 426?
142
Calculate the greatest common factor of 86 and 6645134.
86
What is the highest common divisor of 3094 and 125944?
182
What is the greatest common divisor of 7758 and 518062?
862
What is the greatest common divisor of 45903 and 1287?
429
Calculate the greatest common divisor of 127281 and 9975.
399
Calculate the greatest common divisor of 27639 and 21.
3
Calculate the highest common factor of 2124 and 1348268.
236
Calculate the greatest common divisor of 39735 and 630.
45
Calculate the greatest common factor of 3811 and 74.
37
What is the greatest common divisor of 58773 and 26?
13
Calculate the greatest common factor of 1975 and 4819.
79
Calculate the highest common factor of 2023 and 11732.
7
Calculate the greatest common divisor of 2704 and 1612.
52
Calculate the greatest common factor of 303324 and 63.
21
What is the highest common divisor of 54 and 471726?
18
Calculate the greatest common divisor of 11 and 241659.
11
Calculate the greatest common divisor of 112887 and 111.
111
Calculate the greatest common factor of 658 and 607522.
94
Calculate the greatest common factor of 8205 and 555.
15
What is the highest common factor of 9612 and 1539?
27
Calculate the highest common factor of 288 and 5412.
12
Calculate the greatest common factor of 226 and 1861562.
226
Calculate the highest common factor of 17101 and 14.
7
What is the highest common divisor of 36 and 884556?
36
What is the highest common divisor of 6807369 and 489?
489
What is the highest common divisor of 11525 and 43675?
25
Calculate the greatest common factor of 4459 and 360493.
343
What is the highest common divisor of 49580 and 148?
148
Calculate the highest common divisor of 3 and 9008.
1
What is the greatest common factor of 46320 and 5760?
240
Calculate the greatest common divisor of 161 and 516235.
23
Calculate the highest common divisor of 81 and 94824.
27
Calculate the highest common divisor of 325 and 372905.
65
Calculate the greatest common divisor of 5060900 and 1768.
884
Calculate the greatest common factor of 101376 and 594.
198
What is the highest common factor of 1118 and 2451?
43
Calculate the greatest common divisor of 689 and 650.
13
Calculate the highest common divisor of 24 and 184.
8
Calculate the greatest common divisor of 5684 and 7399.
49
Calculate the greatest common factor of 11886 and 336.
42
What is the highest common factor of 189 and 300510?
189
Calculate the highest common divisor of 1361509 and 43.
43
Calculate the highest common divisor of 703 and 11077.
19
What is the highest common divisor of 4692 and 2944?
92
Calculate the greatest common factor of 95310 and 783.
27
What is the highest common factor of 147 and 2250?
3
Calculate the greatest common divisor of 7488 and 106236.
468
What is the greatest common divisor of 22014 and 234?
18
What is the greatest common factor of 232 and 40977?
29
What is the highest common factor of 1824 and 74176?
608
Calculate the highest common factor of 80 and 713840.
80
Calculate the greatest common factor of 23653 and 62.
31
What is the highest common factor of 31236 and 1026?
114
What is the greatest common factor of 21395 and 2090?
55
Calculate the highest common divisor of 565466 and 242.
22
Calculate the highest common factor of 4579 and 95.
19
What is the highest common divisor of 1923246 and 13?
13
What is the greatest common factor of 144 and 14736?
48
Calculate the greatest common divisor of 14289 and 231.
33
What is the greatest common factor of 182892 and 60?
12
What is the greatest common divisor of 236302 and 184?
46
Calculate the greatest common divisor of 9 and 12063.
3
Calculate the highest common divisor of 790 and 1551955.
395
Calculate the highest common factor of 55539 and 748.
187
Calculate the highest common factor of 50 and 39555.
5
Calculate the highest common factor of 520614 and 2488.
622
What is the greatest common divisor of 381094 and 3674?
334
What is the highest common divisor of 11600 and 1218?
58
Calculate the greatest common divisor of 34700 and 500.
100
Calculate the greatest common divisor of 12567 and 40179.
177
Calculate the greatest common factor of 40 and 70660.
20
What is the highest common factor of 2486015 and 73?
73
Calculate the greatest common divisor of 6456 and 1128.
24
Calculate the greatest common factor of 7609 and 147.
7
What is the greatest common divisor of 14453 and 1341?
149
Calculate the highest common factor of 809 and 13.
1
What is the highest common divisor of 1146862 and 3868?
1934
What is the greatest common divisor of 63 and 64